{"id":958,"date":"2016-11-02T02:22:16","date_gmt":"2016-11-02T02:22:16","guid":{"rendered":"http:\/\/sushilounge.cl\/nueva\/?post_type=product&#038;p=958"},"modified":"2024-03-21T00:12:24","modified_gmt":"2024-03-21T00:12:24","slug":"furai-spring","status":"publish","type":"product","link":"https:\/\/www.sushilounge.cl\/nueva\/producto\/furai-spring\/","title":{"rendered":"77-Kari"},"content":{"rendered":"","protected":false},"excerpt":{"rendered":"<p class=\"p1\">Envuelto en pollo apanado en panko, Relleno de pollo panko, queso crema, champi\u00f1\u00f3n, ceboll\u00edn (10 bocados)<\/p>\n","protected":false},"featured_media":1176,"template":"","meta":{"_joinchat":[]},"product_cat":[60],"product_tag":[48],"_links":{"self":[{"href":"https:\/\/www.sushilounge.cl\/nueva\/wp-json\/wp\/v2\/product\/958"}],"collection":[{"href":"https:\/\/www.sushilounge.cl\/nueva\/wp-json\/wp\/v2\/product"}],"about":[{"href":"https:\/\/www.sushilounge.cl\/nueva\/wp-json\/wp\/v2\/types\/product"}],"wp:featuredmedia":[{"embeddable":true,"href":"https:\/\/www.sushilounge.cl\/nueva\/wp-json\/wp\/v2\/media\/1176"}],"wp:attachment":[{"href":"https:\/\/www.sushilounge.cl\/nueva\/wp-json\/wp\/v2\/media?parent=958"}],"wp:term":[{"taxonomy":"product_cat","embeddable":true,"href":"https:\/\/www.sushilounge.cl\/nueva\/wp-json\/wp\/v2\/product_cat?post=958"},{"taxonomy":"product_tag","embeddable":true,"href":"https:\/\/www.sushilounge.cl\/nueva\/wp-json\/wp\/v2\/product_tag?post=958"}],"curies":[{"name":"wp","href":"https:\/\/api.w.org\/{rel}","templated":true}]}}