{"id":952,"date":"2016-11-02T02:18:46","date_gmt":"2016-11-02T02:18:46","guid":{"rendered":"http:\/\/sushilounge.cl\/nueva\/?post_type=product&#038;p=952"},"modified":"2024-03-20T23:31:46","modified_gmt":"2024-03-20T23:31:46","slug":"champiroll","status":"publish","type":"product","link":"https:\/\/www.sushilounge.cl\/nueva\/producto\/champiroll\/","title":{"rendered":"74-Champiroll"},"content":{"rendered":"","protected":false},"excerpt":{"rendered":"<p class=\"p1\">Champi\u00f1\u00f3n, queso crema, piment\u00f3n, almendras tostadas apanado en panko (10 bocados)<\/p>\n","protected":false},"featured_media":953,"template":"","meta":{"_joinchat":[]},"product_cat":[40],"product_tag":[47],"_links":{"self":[{"href":"https:\/\/www.sushilounge.cl\/nueva\/wp-json\/wp\/v2\/product\/952"}],"collection":[{"href":"https:\/\/www.sushilounge.cl\/nueva\/wp-json\/wp\/v2\/product"}],"about":[{"href":"https:\/\/www.sushilounge.cl\/nueva\/wp-json\/wp\/v2\/types\/product"}],"wp:featuredmedia":[{"embeddable":true,"href":"https:\/\/www.sushilounge.cl\/nueva\/wp-json\/wp\/v2\/media\/953"}],"wp:attachment":[{"href":"https:\/\/www.sushilounge.cl\/nueva\/wp-json\/wp\/v2\/media?parent=952"}],"wp:term":[{"taxonomy":"product_cat","embeddable":true,"href":"https:\/\/www.sushilounge.cl\/nueva\/wp-json\/wp\/v2\/product_cat?post=952"},{"taxonomy":"product_tag","embeddable":true,"href":"https:\/\/www.sushilounge.cl\/nueva\/wp-json\/wp\/v2\/product_tag?post=952"}],"curies":[{"name":"wp","href":"https:\/\/api.w.org\/{rel}","templated":true}]}}